s the remainder when 15182 is divided by 165?
2
Calculate the remainder when 7597 is divided by 95.
92
Calculate the remainder when 101266 is divided by 24.
10
What is the remainder when 120700 is divided by 20107?
58
What is the remainder when 4636 is divided by 1005?
616
What is the remainder when 12336 is divided by 84?
72
Calculate the remainder when 67961 is divided by 282.
281
What is the remainder when 86384 is divided by 1080?
1064
What is the remainder when 345 is divided by 210?
135
What is the remainder when 129734 is divided by 42?
38
What is the remainder when 5218 is divided by 289?
16
What is the remainder when 51239 is divided by 174?
83
What is the remainder when 83 is divided by 37?
9
Calculate the remainder when 379176 is divided by 22.
6
Calculate the remainder when 2602 is divided by 722.
436
Calculate the remainder when 6577 is divided by 9.
7
What is the remainder when 76502 is divided by 1234?
1228
Calculate the remainder when 2877181 is divided by 154.
153
What is the remainder when 811432 is divided by 78?
76
Calculate the remainder when 1197 is divided by 50.
47
What is the remainder when 165248 is divided by 9?
8
Calculate the remainder when 620 is divided by 327.
293
What is the remainder when 3939 is divided by 232?
227
Calculate the remainder when 22869 is divided by 1904.
21
Calculate the remainder when 235809 is divided by 1379.
0
What is the remainder when 285821 is divided by 515?
511
Calculate the remainder when 2004 is divided by 5.
4
Calculate the remainder when 65264 is divided by 43.
33
Calculate the remainder when 2170270 is divided by 263.
257
Calculate the remainder when 50695 is divided by 323.
307
Calculate the remainder when 2789 is divided by 1387.
15
What is the remainder when 351891 is divided by 117295?
6
What is the remainder when 24262 is divided by 1176?
742
What is the remainder when 1321 is divided by 1273?
48
What is the remainder when 945817 is divided by 176?
169
Calculate the remainder when 3438357 is divided by 12.
9
What is the remainder when 6157 is divided by 753?
133
Calculate the remainder when 68701 is divided by 904.
901
Calculate the remainder when 2616158 is divided by 394.
392
What is the remainder when 853 is divided by 62?
47
What is the remainder when 198237 is divided by 42?
39
What is the remainder when 4134 is divided by 4125?
9
Calculate the remainder when 4090 is divided by 187.
163
What is the remainder when 5200 is divided by 306?
304
Calculate the remainder when 13439 is divided by 351.
101
What is the remainder when 31328 is divided by 668?
600
Calculate the remainder when 3602 is divided by 453.
431
Calculate the remainder when 1489 is divided by 21.
19
Calculate the remainder when 3051 is divided by 638.
499
Calculate the remainder when 21060 is divided by 1170.
0
What is the remainder when 2770 is divided by 65?
40
Calculate the remainder when 30165 is divided by 859.
100
What is the remainder when 37784 is divided by 903?
761
What is the remainder when 94559 is divided by 63?
59
Calculate the remainder when 1859 is divided by 290.
119
Calculate the remainder when 11383 is divided by 335.
328
Calculate the remainder when 18162 is divided by 819.
144
Calculate the remainder when 67752 is divided by 120.
72
What is the remainder when 234942 is divided by 354?
240
What is the remainder when 3856 is divided by 649?
611
What is the remainder when 335 is divided by 289?
46
Calculate the remainder when 7574 is divided by 111.
26
What is the remainder when 3453 is divided by 156?
21
What is the remainder when 60878 is divided by 26?
12
What is the remainder when 11478 is divided by 410?
408
Calculate the remainder when 717 is divided by 305.
107
What is the remainder when 6786 is divided by 1675?
86
What is the remainder when 104484 is divided by 104337?
147
Calculate the remainder when 3201648 is divided by 19.
15
Calculate the remainder when 66084 is divided by 82.
74
Calculate the remainder when 46743 is divided by 42.
39
Calculate the remainder when 1283339 is divided by 83.
76
What is the remainder when 10151 is divided by 5038?
75
Calculate the remainder when 15380 is divided by 70.
50
Calculate the remainder when 651 is divided by 538.
113
Calculate the remainder when 31271 is divided by 11.
9
What is the remainder when 31062 is divided by 25?
12
Calculate the remainder when 2121 is divided by 71.
62
What is the remainder when 228174 is divided by 271?
263
What is the remainder when 1150 is divided by 665?
485
What is the remainder when 43846 is divided by 18?
16
What is the remainder when 4459 is divided by 373?
356
What is the remainder when 22206 is divided by 1009?
8
What is the remainder when 1178 is divided by 388?
14
What is the remainder when 72069 is divided by 364?
361
Calculate the remainder when 466011 is divided by 155337.
0
What is the remainder when 76694 is divided by 225?
194
What is the remainder when 1381 is divided by 77?
72
Calculate the remainder when 12359 is divided by 93.
83
Calculate the remainder when 3442 is divided by 1300.
842
Calculate the remainder when 3568 is divided by 1168.
64
What is the remainder when 3488 is divided by 412?
192
What is the remainder when 40690 is divided by 12?
10
What is the remainder when 7883 is divided by 1557?
98
Calculate the remainder when 2466 is divided by 47.
22
Calculate the remainder when 23310449 is divided by 941.
938
What is the remainder when 29408 is divided by 14329?
750
Calculate the remainder when 139 is divided by 95.
44
What is the remainder when 370229 is divided by 258?
257
What is the remainder when 11377 is divided by 33?
25
What is the remainder when 61721 is divided by 857?
17
What is the remainder when 45598 is divided by 475?
473
What is the remainder when 51694 is divided by 51684?
10
What is the remainder when 4276 is divided by 4158?
118
Calculate the remainder when 190429 is divided by 894.
7
Calculate the remainder when 5010 is divided by 167.
0
What is the remainder when 1154 is divided by 583?
571
What is the remainder when 9173 is divided by 580?
473
Calculate the remainder when 89121 is divided by 11135.
41
Calculate the remainder when 29916 is divided by 85.
81
What is the remainder when 220062 is divided by 8?
6
Calculate the remainder when 151656 is divided by 75825.
6
Calculate the remainder when 804 is divided by 98.
20
Calculate the remainder when 18169 is divided by 379.
356
Calculate the remainder when 992 is divided by 980.
12
Calculate the remainder when 37158 is divided by 12384.
6
What is the remainder when 111839 is divided by 37275?
14
What is the remainder when 1614 is divided by 269?
0
What is the remainder when 867 is divided by 141?
21
Calculate the remainder when 25218 is divided by 277.
11
What is the remainder when 2160 is divided by 93?
21
What is the remainder when 9110 is divided by 2164?
454
Calculate the remainder when 50209 is divided by 16479.
772
Calculate the remainder when 6493 is divided by 964.
709
What is the remainder when 16462817 is divided by 20?
17
What is the remainder when 246197 is divided by 453?
218
Calculate the remainder when 895595 is divided by 100.
95
What is the remainder when 4229983 is divided by 44?
43
What is the remainder when 21958 is divided by 7317?
7
Calculate the remainder when 534781 is divided by 48614.
27
What is the remainder when 132 is divided by 56?
20
What is the remainder when 3825 is divided by 1889?
47
Calculate the remainder when 201068 is divided by 142.
138
What is the remainder when 19314 is divided by 2194?
1762
Calculate the remainder when 463267 is divided by 30.
7
Calculate the remainder when 135377 is divided by 43.
13
What is the remainder when 2819 is divided by 5?
4
Calculate the remainder when 238938 is divided by 119469.
0
Calculate the remainder when 3416763 is divided by 1862.
1855
Calculate the remainder when 4308 is divided by 101.
66
What is the remainder when 15949 is divided by 15896?
53
What is the remainder when 297169 is divided by 4?
1
What is the remainder when 887 is divided by 746?
141
Calculate the remainder when 790 is divided by 177.
82
Calculate the remainder when 31558 is divided by 292.
22
Calculate the remainder when 28687 is divided by 44.
43
What is the rem